{"id":20,"date":"2019-03-13T10:38:18","date_gmt":"2019-03-13T09:38:18","guid":{"rendered":"https:\/\/fibromialgiabenavente.es\/?page_id=20"},"modified":"2021-01-09T12:11:03","modified_gmt":"2021-01-09T11:11:03","slug":"inicio","status":"publish","type":"page","link":"https:\/\/fibromialgiabenavente.es\/","title":{"rendered":"Inicio"},"content":{"rendered":"\n<p>\u00a1Bienvenid@ a nuestro espacio!<\/p>\n\n\n\n<p>Somos una entidad sin \u00e1nimo de lucro creada para atender las necesidades de los afectados de fibromialgia y s\u00edndrome de fatiga cr\u00f3nica y sus familias.<\/p>\n\n\n\n<p>La <strong>finalidad<\/strong> de nuestra organizaci\u00f3n es el bienestar individual, familiar y social de todas las personas afectadas.<br><\/p>\n\n\n\n<p>Nuestro <strong>\u00e1mbito de intervenci\u00f3n<\/strong> se extiende por toda la provincia de Zamora aunque nuestra sede social se encuentra ubicada en Benavente.<\/p>\n\n\n\n<p><strong>SERVICIOS QUE SE OFRECEN<\/strong>:                   La asociaci\u00f3n ofrece, entre otros, los siguientes servicios:<\/p>\n\n\n\n<ul class=\"wp-block-list\"><li>Informaci\u00f3n, orientaci\u00f3n y asesoramiento <\/li><li>Abogados<\/li><li>Atenci\u00f3n psicol\u00f3gica individual y grupal<\/li><li>Fisioterapia <\/li><li>Ejercicio rehabilitador<\/li><li>Nutrici\u00f3n<\/li><li>Arteterapia y risoterapia<\/li><li>Estimulaci\u00f3n cognitiva y taller de memoria<\/li><\/ul>\n\n\n\n<p><\/p>\n","protected":false},"excerpt":{"rendered":"<p>\u00a1Bienvenid@ a nuestro espacio! Somos una entidad sin \u00e1nimo de lucro creada para atender las necesidades de los afectados de fibromialgia y s\u00edndrome de fatiga &hellip;<\/p>\n","protected":false},"author":2,"featured_media":50,"parent":0,"menu_order":0,"comment_status":"closed","ping_status":"closed","template":"","meta":{"jetpack_post_was_ever_published":false,"footnotes":""},"class_list":["post-20","page","type-page","status-publish","has-post-thumbnail","hentry"],"jetpack_sharing_enabled":true,"jetpack_shortlink":"https:\/\/wp.me\/PaNReN-k","jetpack-related-posts":[],"_links":{"self":[{"href":"https:\/\/fibromialgiabenavente.es\/index.php?rest_route=\/wp\/v2\/pages\/20","targetHints":{"allow":["GET"]}}],"collection":[{"href":"https:\/\/fibromialgiabenavente.es\/index.php?rest_route=\/wp\/v2\/pages"}],"about":[{"href":"https:\/\/fibromialgiabenavente.es\/index.php?rest_route=\/wp\/v2\/types\/page"}],"author":[{"embeddable":true,"href":"https:\/\/fibromialgiabenavente.es\/index.php?rest_route=\/wp\/v2\/users\/2"}],"replies":[{"embeddable":true,"href":"https:\/\/fibromialgiabenavente.es\/index.php?rest_route=%2Fwp%2Fv2%2Fcomments&post=20"}],"version-history":[{"count":5,"href":"https:\/\/fibromialgiabenavente.es\/index.php?rest_route=\/wp\/v2\/pages\/20\/revisions"}],"predecessor-version":[{"id":314,"href":"https:\/\/fibromialgiabenavente.es\/index.php?rest_route=\/wp\/v2\/pages\/20\/revisions\/314"}],"wp:featuredmedia":[{"embeddable":true,"href":"https:\/\/fibromialgiabenavente.es\/index.php?rest_route=\/wp\/v2\/media\/50"}],"wp:attachment":[{"href":"https:\/\/fibromialgiabenavente.es\/index.php?rest_route=%2Fwp%2Fv2%2Fmedia&parent=20"}],"curies":[{"name":"wp","href":"https:\/\/api.w.org\/{rel}","templated":true}]}}